ighest common factor of 1488 and 244497.
93
What is the greatest common factor of 2469 and 168465631?
823
Calculate the highest common factor of 1225 and 241575.
25
Calculate the highest common factor of 4642 and 23342.
22
Calculate the highest common divisor of 220977 and 25.
1
Calculate the highest common factor of 335636166 and 18.
6
Calculate the greatest common factor of 161496498 and 12.
6
Calculate the greatest common divisor of 252632 and 4232.
184
What is the greatest common divisor of 49962853 and 551?
29
What is the greatest common factor of 35289 and 3413884?
1307
Calculate the greatest common divisor of 431 and 817357451.
431
What is the highest common factor of 2116451 and 618662?
461
What is the greatest common divisor of 20316006 and 27?
9
What is the highest common factor of 15058386 and 1242?
54
Calculate the greatest common factor of 1545362 and 131222.
1274
Calculate the greatest common divisor of 1822656 and 242.
22
What is the greatest common factor of 9519 and 1331157?
501
Calculate the greatest common divisor of 38655 and 21156311.
859
Calculate the greatest common factor of 4477 and 493878.
11
What is the highest common factor of 246 and 206206056?
246
Calculate the greatest common divisor of 65035 and 337050391.
13007
What is the greatest common factor of 233159 and 7?
1
What is the highest common factor of 96 and 1431584?
32
What is the highest common factor of 14425922 and 23?
23
What is the highest common factor of 28482 and 295818?
282
Calculate the greatest common factor of 15733070 and 7515.
835
What is the greatest common factor of 87 and 180809809?
29
Calculate the greatest common divisor of 119791 and 467075.
1099
Calculate the highest common factor of 86801065 and 4420.
1105
What is the greatest common divisor of 2372198172 and 12?
12
Calculate the highest common divisor of 96896052 and 792.
396
Calculate the highest common factor of 18725520 and 4950.
330
Calculate the highest common divisor of 175942848 and 12.
12
Calculate the highest common divisor of 28093500 and 1485.
135
What is the highest common divisor of 93138396 and 47658?
3666
Calculate the greatest common divisor of 184330 and 60.
10
Calculate the greatest common factor of 1009950 and 1182.
6
What is the greatest common factor of 95136 and 2472?
24
What is the highest common factor of 1081 and 692737?
23
What is the greatest common factor of 23891071 and 89?
89
What is the greatest common factor of 45 and 1890027?
9
What is the highest common factor of 91806 and 518650?
22
Calculate the greatest common divisor of 13671 and 1353057.
93
Calculate the greatest common divisor of 5292 and 11213964.
108
What is the highest common divisor of 2148 and 233618628?
2148
Calculate the greatest common divisor of 232835246 and 28.
14
Calculate the greatest common factor of 3595 and 15226263.
719
Calculate the highest common divisor of 2237174 and 247.
19
What is the highest common divisor of 4536 and 252728?
56
Calculate the greatest common divisor of 555 and 18697305.
15
What is the greatest common divisor of 2539755 and 1485?
135
What is the highest common divisor of 11 and 979663630?
11
Calculate the greatest common factor of 1920 and 419655120.
240
What is the highest common divisor of 19045 and 61606180?
1465
Calculate the greatest common factor of 730201 and 5933.
17
Calculate the highest common factor of 1023752 and 40319.
1753
Calculate the greatest common factor of 216076640 and 1820.
260
Calculate the highest common divisor of 10595 and 51635.
5
Calculate the greatest common divisor of 25584 and 27637608.
984
What is the highest common divisor of 39960824 and 16?
8
What is the greatest common factor of 2476 and 225808?
4
What is the highest common divisor of 81995 and 1288205?
155
Calculate the greatest common factor of 24853928 and 3828.
1276
What is the highest common factor of 2428666 and 4?
2
What is the greatest common divisor of 14014 and 3058?
22
Calculate the greatest common factor of 24306 and 16452.
6
What is the greatest common factor of 2810955 and 31255?
665
What is the highest common factor of 24633717 and 8535?
1707
Calculate the greatest common divisor of 1760920 and 4484.
76
What is the highest common factor of 74787060 and 120?
60
What is the highest common divisor of 1511217 and 324?
81
What is the greatest common factor of 73353 and 10893669?
1497
What is the greatest common divisor of 47943 and 240177?
21
Calculate the highest common divisor of 1332 and 118487616.
444
Calculate the highest common divisor of 56619 and 770997.
699
Calculate the greatest common factor of 1080 and 467072640.
360
Calculate the highest common divisor of 1440 and 346913568.
288
Calculate the greatest common divisor of 1863279 and 3376747.
7139
Calculate the greatest common divisor of 40944 and 276468.
12
What is the highest common divisor of 10 and 2549245150?
10
What is the highest common factor of 15606 and 63869?
289
Calculate the greatest common factor of 48780 and 855.
45
What is the highest common factor of 189372 and 8?
4
What is the greatest common factor of 19741 and 756922?
19
What is the greatest common divisor of 259008 and 22002?
114
What is the highest common factor of 9 and 66908295?
9
What is the highest common factor of 29257646 and 1122?
374
Calculate the highest common divisor of 2664817125 and 125.
125
What is the highest common factor of 5063 and 482479?
83
Calculate the highest common divisor of 683649435 and 21.
21
What is the greatest common divisor of 1687314 and 50307?
123
What is the highest common divisor of 138 and 263253170?
46
What is the highest common divisor of 26576519 and 8278?
4139
What is the highest common factor of 104092451 and 1457?
1457
What is the highest common factor of 126918 and 1070586?
198
Calculate the greatest common divisor of 28770 and 31454241.
2877
What is the highest common divisor of 357 and 4292715?
21
What is the greatest common divisor of 1155 and 233925?
15
Calculate the greatest common divisor of 224 and 380852192.
224
Calculate the greatest common divisor of 3218229 and 9062.
23
Calculate the highest common divisor of 1534086 and 324.
54
What is the highest common factor of 806908 and 5612?
244
Calculate the highest common factor of 4551 and 297455.
41
Calculate the greatest common factor of 4884960 and 120.
120
What is the highest common factor of 28291 and 140657?
19
Calculate the greatest common divisor of 516 and 23471292.
516
Calculate the highest common factor of 772602748 and 9596.
9596
Calculate the highest common divisor of 403125 and 35371875.
9375
What is the highest common factor of 119049833 and 7329?
2443
Calculate the greatest common factor of 119990 and 7951450.
1690
What is the highest common factor of 372 and 3362322?
186
Calculate the highest common factor of 2776 and 70552.
8
What is the highest common factor of 405938362 and 115?
23
What is the greatest common divisor of 11174 and 141266?
74
What is the highest common factor of 9108904 and 1824?
152
Calculate the highest common divisor of 280 and 8341144.
56
Calculate the greatest common divisor of 4526158 and 10738.
182
Calculate the highest common divisor of 75743 and 8.
1
What is the highest common divisor of 8669370 and 215?
5
Calculate the greatest common divisor of 122433927 and 297.
33
What is the highest common divisor of 470421 and 92853?
513
Calculate the greatest common divisor of 2917784 and 61388.
412
What is the greatest common factor of 9399 and 9776406?
723
What is the greatest common factor of 936645147 and 171?
171
What is the highest common divisor of 10744 and 361624?
136
What is the highest common divisor of 5875872 and 552?
24
What is the greatest common factor of 8051991 and 171?
57
Calculate the highest common factor of 48773 and 355844.
17
What is the greatest common factor of 9472448 and 112?
16
Calculate the greatest common divisor of 1176210 and 64890.
630
Calculate the highest common divisor of 215 and 69884804.
43
Calculate the greatest common factor of 11664 and 936.
72
Calculate the highest common divisor of 33276 and 241627.
47
Calculate the greatest common divisor of 8822 and 3204366.
22
What is the greatest common factor of 6277356 and 1524?
1524
What is the greatest common divi